mon factor of 490 and t.
10
Let m = 17 + -43. Let c(f) = f**2 + 23*f - 40. Let t be c(m). Calculate the greatest common factor of t and 76.
38
Let x(l) = 5*l**2 + 26*l - 46. Let j(d) = -2*d**2 - 13*d + 23. Let o(v) = -7*j(v) - 3*x(v). Let z be o(10). What is the highest common factor of 14 and z?
7
Let j(v) = 19*v**3 - 2*v**2 + v. Let k be j(1). Let f be 5 - 6 - 2*-2. Suppose -f*r - 4*r + 63 = 0. What is the greatest common divisor of k and r?
9
Let j be 84/546 - (-542)/26. What is the highest common factor of j and 189?
21
Let v = 2469 + -1653. Calculate the greatest common factor of v and 17.
17
Suppose 4*j - 5*c - 2 = -3, -17 = -2*j - c. Suppose 6*l + 21 = 7*l - q, 5*l - 87 = -q. What is the greatest common factor of j and l?
6
Suppose 0 = -3*k + 3*a - 178 + 793, -3*k + 5*a + 609 = 0. Calculate the greatest common divisor of k and 78.
26
Let z be 0 + -1 - 28/(-8)*98. Calculate the highest common factor of z and 38.
38
Let n = 200 + -153. Calculate the greatest common factor of 376 and n.
47
Let l = 11 - -26. Let x = l - 17. Let v(y) = -2*y**3 - 6*y**2 + 3*y - 5. Let s be v(-5). Calculate the greatest common divisor of x and s.
20
Suppose 84*z - 389336 = -47120. Calculate the highest common factor of z and 42.
42
Let g(q) = -5*q - 29. Let k be g(-9). Let d(r) be the first derivative of r**4/4 - r**2/2 - 1. Let p be d(3). What is the greatest common divisor of p and k?
8
Let j = -35 - -48. Let g(v) = v**2 - 10*v - 15. Let z be g(j). What is the highest common divisor of z and 60?
12
Let x = 2 + 0. Let w(h) = 0 - 3*h + 4*h + 0 - 1. Let o be w(3). Calculate the highest common divisor of o and x.
2
Suppose z + 33 = -2*z. Let n = z - -27. What is the greatest common divisor of n and 80?
16
Let l be -2 + (4 + -1)/1. Let q be 4*(-1 - (l + -3)). Let f = -22 - -28. What is the greatest common factor of f and q?
2
Let g(x) = x**2 + 2*x + 4. Let a be g(3). What is the greatest common divisor of a and 437?
19
Let n(t) = -2*t - 277 + 256 + t**2 - 6*t. Let f be n(-5). Let w be 1/((-1)/(8/(-2))). Calculate the highest common divisor of w and f.
4
Let y(r) = r**2 + 9*r - 7. Let q be y(12). What is the greatest common factor of q and 35?
35
Suppose 0 = 60*u - 1476 - 1164. Suppose t = 4*b - 3*t - 96, -2*b - t + 42 = 0. Let k = b + -11. What is the highest common factor of u and k?
11
Let q(n) = 5*n**2 - 4*n**2 + 23 - 2*n**2 - 19*n + 4*n. Let c be q(-16). What is the greatest common divisor of c and 1?
1
Let g(d) = d**2 + 30*d + 63. Let f be g(-28). Suppose -f*j + 10*j - 92 = -2*z, -z + j = -56. What is the greatest common factor of 13 and z?
13
Let c = 47 - -9. Suppose -4*z - c = -11*z. What is the greatest common factor of 40 and z?
8
Suppose -50 = -3*k - 4*z, 4*k + 64 = 4*z + 168. Calculate the highest common factor of k and 594.
22
Let j(h) be the first derivative of 60*h**2 - 5*h - 1. Let k be j(7). Let r be k/15 + 4/(-6). Calculate the greatest common divisor of r and 5.
5
Let s(p) = -7*p + 19. Let b(j) = -4*j + 10. Let h(a) = -5*b(a) + 3*s(a). Let f be h(-8). What is the highest common factor of 5 and f?
5
Suppose 13*r + 2 = 15*r. Let t be -2 - (-23)/(-1 + 2). Let h be t/7 - (-2 - r). Calculate the greatest common factor of 9 and h.
3
Let w = 179 + 8. What is the greatest common divisor of w and 17?
17
Let n(b) = 31*b - 46. Let g be n(30). What is the highest common factor of 52 and g?
52
Let p(q) = 5*q**2 + 29*q - 107. Let z be p(13). What is the highest common factor of 5 and z?
5
Suppose 12*m - 13*m + 5 = 0. Calculate the greatest common factor of m and 125.
5
Let v = 2272 - 2098. Calculate the greatest common divisor of v and 290.
58
Suppose -2*u - 52 = -m + 45, -99 = -m + 4*u. Let w = m + -74. What is the greatest common divisor of 21 and w?
21
Suppose 4*n - 196 = -5*u, -2*n - 22 = 3*u - 138. Let g be (10/20)/(1/u). Let q = -5 + 14. What is the greatest common factor of q and g?
9
Suppose 3*x + 2*z - 26 = 0, -8*x + 3*z + 18 = -3*x. Let a be ((-22)/(-77))/((-8)/(-14))*4. Calculate the highest common divisor of x and a.
2
Suppose 6*t - 9*t = -2*q - 548, -3*t + 3*q = -552. Calculate the highest common factor of 72 and t.
36
Let o be 16/7 + (-10)/35. Suppose -o*r + 37 = 5*p, r - 3*r + 19 = -p. What is the highest common divisor of 88 and r?
11
Let u(w) = 4*w**2 - 12*w + 54. Let b be u(12). Calculate the greatest common divisor of 90 and b.
18
Let o(j) = j**2 + 2*j + 22. Let m be o(0). Suppose -2*g + 3*y + 11 = 0, -7*g - 3*y = -4*g - 9. Let c = g + 7. What is the greatest common divisor of m and c?
11
Let f be 168/(-15)*(-15)/6. What is the greatest common divisor of f and 252?
28
Suppose -w = -2*w + 5*c + 115, -5*w = 4*c - 488. Let q = w - 28. What is the greatest common factor of 8 and q?
8
Suppose 0 = 4*p - 5*c - 165, -5*p - 5*c + 170 = -4*c. What is the greatest common divisor of p and 5?
5
Let w be 1/((-18)/8) - (-2248136)/2124. What is the greatest common divisor of w and 46?
46
Let c be (-94)/(-8) + 6/24. Let u be -3 - (5 + (-6)/2). Let a = 8 + u. What is the highest common divisor of a and c?
3
Let p(v) = -v**3 + v**2 - v - 3. Let c be p(0). Let q be (-7)/(-21) + 1/c. Suppose q*r = -4*r + 4. What is the highest common factor of r and 11?
1
Suppose -15*a - 36*a + 13056 = 0. What is the greatest common divisor of 112 and a?
16
Let b = 169 + -113. Suppose -4*u + 432 = -b. Suppose -k + u = g, -2*g + 5*k + 37 + 235 = 0. Calculate the highest common factor of g and 18.
18
Let l(j) be the third derivative of -j**4/24 + 3*j**3/2 - 5*j**2. Let r be l(-11). Calculate the highest common factor of 4 and r.
4
Let h = 1963 - 1085. Suppose 2*c - h = -358. Calculate the greatest common divisor of c and 104.
52
Suppose -17*j + 8*j + 36 = 0. Suppose 10 = 2*n - 0. Suppose n - 21 = -m. What is the greatest common factor of m and j?
4
Suppose -3*y = -m - 3, -51 = -6*m + 3*m - 3*y. Suppose 120 = 5*u - 3*u. Calculate the greatest common divisor of u and m.
12
Suppose 9*y - 11*y = -v - 46, -4*y = 2*v - 84. Calculate the highest common factor of y and 198.
22
Let r(n) = -n**3 + 8*n**2 + 4*n - 28. Let b be r(8). What is the greatest common divisor of b and 32?
4
Suppose -w = w - 48. Calculate the greatest common divisor of 48 and w.
24
Let g = -8 + 5. Let j be (0 + g)/(-2 + 1). Suppose 5*f = j*f + 36. Calculate the highest common factor of 2 and f.
2
Let s(y) = 3*y - 21. Let w be s(31). Let m = w - 44. Calculate the highest common divisor of 168 and m.
28
Suppose 11 = 2*g - 47. Suppose 3*k + 12*q - 299 = 5*q, 4*k - 499 = 5*q. What is the highest common factor of g and k?
29
Let u be -6 + -10 + 2 + 129. Calculate the highest common divisor of 10 and u.
5
Suppose 0 = x - 5*x + 284. Suppose -13 = -2*z + x. What is the greatest common factor of 28 and z?
14
Let o(b) = 11*b**3 - 165*b**2 + 13*b + 1. Let j be o(15). What is the greatest common factor of j and 84?
28
Let y = 3 + 4. Suppose -13 = -u - 3*z, -u + 3*z - z = y. Let p be 1*(-35)/28 - 25/(-4). Calculate the highest common divisor of p and u.
1
Let g(q) = -q**3 + 2*q**2 - 2*q + 2. Let k be g(4). Let b = 150 + k. Calculate the highest common factor of b and 14.
14
Let n = -100 + 244. Let r = 29 - -67. Suppose 5*d - d = r. Calculate the greatest common factor of d and n.
24
Let i = -509 - -929. What is the highest common divisor of i and 63?
21
Suppose 0 = -4*f - 3*t + 246, -3*t + 64 = f - t. Let z(g) = -55*g - 35. Let s be z(-1). Calculate the highest common divisor of f and s.
20
Let q(m) = m**3 + 10*m**2 + m + 4. Suppose -4*f + 9*f = -50. Let j be q(f). Let r = 8 + j. What is the highest common factor of r and 16?
2
Suppose 3*f + 1 = 4*t + 4, -5*f + 19 = -2*t. Suppose -34 = -f*k + 6. What is the greatest common factor of k and 20?
4
Let j(a) = 2*a**2 + a. Let k be j(-2). Let d = -204 + 344. Suppose r = 3*g + 54, 4*r - 4*g - d - 108 = 0. Calculate the highest common divisor of k and r.
6
Let a(l) = -7*l + 8. Let t be a(-10). Suppose -4*h + t = -22. Suppose -3*d - 2*d + h = 0. Calculate the greatest common factor of 35 and d.
5
Let a(d) = 2*d**3 - 3*d**2 + 2. Let v be a(2). Let u be 1/(-10 - (-217)/21). Calculate the highest common divisor of u and v.
3
Suppose 40 = -6*o + 8*o. Calculate the greatest common factor of 860 and o.
20
Suppose -88*j = -76*j - 456. What is the greatest common factor of j and 152?
38
Let 